1
Convert 18 (base 15) to base 10.
23
11 (base 11) to base 4
30
1 (base 10) to base 8
1
Convert 1c (base 14) to base 11.
24
Convert -112 (base 8) to base 6.
-202
What is -b0 (base 12) in base 5?
-1012
Convert 6 (base 13) to base 10.
6
Convert 10120 (base 4) to base 3.
101101
31 (base 6) to base 8
23
-110 (base 3) to base 11
-11
Convert -2 (base 14) to base 13.
-2
Convert -6 (base 14) to base 16.
-6
What is 6 (base 13) in base 15?
6
-34 (base 5) to base 7
-25
7a (base 16) to base 14
8a
Convert 352 (base 6) to base 4.
2030
Convert -31 (base 5) to base 6.
-24
-37 (base 11) to base 5
-130
Convert -153 (base 6) to base 3.
-2120
1111 (base 4) to base 7
151
Convert 101100 (base 2) to base 14.
32
1c (base 16) to base 13
22
What is -a (base 15) in base 4?
-22
4 (base 8) to base 12
4
-116 (base 7) to base 6
-142
Convert -4 (base 8) to base 13.
-4
-5 (base 8) to base 11
-5
Convert 58 (base 13) to base 4.
1021
-5 (base 8) to base 14
-5
100 (base 2) to base 4
10
Convert 111 (base 5) to base 3.
1011
Convert -16 (base 13) to base 6.
-31
What is 6 (base 14) in base 10?
6
What is -5 (base 8) in base 12?
-5
1211 (base 4) to base 9
122
Convert 101010100 (base 2) to base 5.
2330
What is -102 (base 4) in base 15?
-13
110100000 (base 2) to base 11
349
What is -210 (base 4) in base 3?
-1100
Convert 1 (base 16) to base 8.
1
-10 (base 10) to base 15
-a
Convert 10 (base 5) to base 4.
11
What is 87 (base 14) in base 4?
1313
Convert 18 (base 15) to base 10.
23
Convert 17 (base 8) to base 11.
14
What is 20001 (base 3) in base 13?
c7
Convert -28 (base 9) to base 5.
-101
22 (base 6) to base 4
32
-1 (base 15) to base 8
-1
30 (base 6) to base 7
24
72 (base 10) to base 6
200
What is 4 (base 11) in base 7?
4
Convert 1a (base 11) to base 3.
210
Convert 200 (base 4) to base 9.
35
What is 33 (base 14) in base 12?
39
Convert -101 (base 3) to base 6.
-14
Convert -11 (base 3) to base 8.
-4
Convert -12 (base 3) to base 5.
-10
What is -222 (base 3) in base 14?
-1c
Convert 22 (base 15) to base 7.
44
Convert -1 (base 12) to base 16.
-1
What is 3 (base 14) in base 5?
3
Convert -4 (base 13) to base 14.
-4
-61 (base 8) to base 16
-31
Convert 140 (base 11) to base 10.
165
Convert 19 (base 11) to base 15.
15
What is -1001011 (base 2) in base 16?
-4b
Convert -31 (base 5) to base 12.
-14
What is a (base 12) in base 2?
1010
181 (base 9) to base 5
1104
Convert 1 (base 7) to base 14.
1
12 (base 5) to base 10
7
3 (base 12) to base 13
3
Convert 192 (base 12) to base 5.
2004
75 (base 14) to base 8
147
What is 3 (base 16) in base 6?
3
-11 (base 2) to base 5
-3
What is -6 (base 16) in base 11?
-6
Convert -12101 (base 3) to base 11.
-122
-42 (base 7) to base 2
-11110
What is -100 (base 2) in base 12?
-4
Convert 4 (base 5) to base 3.
11
Convert -40 (base 7) to base 11.
-26
Convert 0 (base 16) to base 3.
0
What is 110 (base 5) in base 3?
1010
What is 10 (base 14) in base 7?
20
Convert -114 (base 5) to base 2.
-100010
What is 0 (base 10) in base 11?
0
Convert 28 (base 11) to base 12.
26
What is 12 (base 4) in base 3?
20
Convert 11 (base 3) to base 11.
4
0 (base 16) to base 4
0
87 (base 12) to base 7
205
Convert e7 (base 16) to base 4.
3213
Convert 10 (base 7) to base 12.
7
-4 (base 11) to base 4
-10
What is 1 (base 9) in base 16?
1
-18 (base 12) to base 3
-202
-3 (base 5) to base 10
-3
Convert 7 (base 8) to base 15.
7
What is -5 (base 12) in base 11?
-5
What is 1d (base 15) in base 11?
26
What is -1 (base 10) in base 4?
-1
What is 11 (base 2) in base 14?
3
Convert 101101 (base 2) to base 5.
140
What is -110 (base 3) in base 11?
-11
ca (base 15) to base 8
276
Convert -40 (base 10) to base 13.
-31
-14 (base 6) to base 15
-a
-10 (base 6) to base 9
-6
Convert 2 (base 13) to base 5.
2
3 (base 12) to base 16
3
What is -21 (base 6) in base 10?
-13
Convert -1110011 (base 2) to base 8.
-163
What is 0 (base 16) in base 14?
0
What is -3 (base 14) in base 5?
-3
What is -131 (base 5) in base 8?
-51
What is 1 (base 10) in base 11?
1
Convert -31 (base 4) to base 16.
-d
Convert 1 (base 16) to base 2.
1
What is -5 (base 14) in base 7?
-5
What is -8 (base 12) in base 10?
-8
What is 14b (base 14) in base 15?
128
Convert 11110 (base 3) to base 13.
93
Convert 1 (base 16) to base 15.
1
What is 9 (base 10) in base 2?
1001
What is -ed (base 15) in base 14?
-11d
What is -4 (base 14) in base 6?
-4
Convert -1 (base 14) to base 3.
-1
What is 1101010 (base 2) in base 10?
106
Convert 0 (base 4) to base 15.
0
What is 4 (base 9) in base 15?
4
-100 (base 2) to base 14
-4
Convert -4 (base 8) to base 2.
-100
What is 4 (base 10) in base 5?
4
What is 42 (base 12) in base 13?
3b
What is -27 (base 12) in base 2?
-11111
-10 (base 3) to base 4
-3
What is -1 (base 13) in base 9?
-1
Convert -100 (base 5) to base 14.
-1b
What is -112 (base 4) in base 12?
-1a
What is 10211 (base 4) in base 13?
197
Convert -36 (base 10) to base 15.
-26
Convert 1 (base 6) to base 14.
1
What is 3 (base 6) in base 13?
3
What is -4 (base 13) in base 8?
-4
What is 0 (base 7) in base 3?
0
What is -2 (base 9) in base 3?
-2
What is -3 (base 9) in base 4?
-3
Convert -112 (base 4) to base 9.
-24
Convert 8 (base 11) to base 6.
12
What is 220 (base 3) in base 14?
1a
23 (base 15) to base 11
30
b9 (base 12) to base 13
ab
-50 (base 8) to base 11
-37
What is 118 (base 9) in base 3?
10122
Convert 8 (base 12) to base 6.
12
1 (base 6) to base 13
1
Convert 1 (base 9) to base 11.
1
-2c (base 15) to base 2
-101010
What is 4 (base 8) in base 6?
4
-1 (base 9) to base 10
-1
-11 (base 2) to base 15
-3
Convert 5 (base 6) to base 16.
5
Convert 1a (base 14) to base 12.
20
Convert 10020 (base 3) to base 9.
106
-1001100 (base 2) to base 10
-76
What is 3 (base 13) in base 15?
3
111 (base 2) to base 11
7
4 (base 11) to base 9
4
What is -10 (base 9) in base 6?
-13
Convert 5 (base 9) to base 16.
5
Convert 5 (base 15) to base 8.
5
11 (base 2) to base 5
3
1 (base 14) to base 13
1
What is 4 (base 7) in base 10?
4
Convert 0 (base 8) to base 14.
0
What is 5 (base 7) in base 12?
5
133 (base 9) to base 8
157
-324 (base 5) to base 4
-1121
Convert 20022 (base 3) to base 10.
170
Convert -5 (base 14) to base 16.
-5
Convert -99 (base 14) to base 15.
-90
Convert -96 (base 12) to base 14.
-82
-20 (base 3) to base 13
-6
Convert -147 (base 8) to base 5.
-403
2 (base 4) to base 13
2
What is 12212 (base 3) in base 15?
a8
34 (base 8) to base 16
1c
Convert -41 (base 14) to base 8.
-71
48 (base 12) to base 16
38
What is -1 (base 8) in base 13?
-1
10 (base 5) to base 9
5
Convert -23 (base 4) to base 2.
-1011
-20 (base 6) to base 4
-30
-2003 (base 5) to base 11
-210
Convert 3 (base 11) to base 2.
11
422 (base 5) to base 7
220
Convert -5 (base 10) to base 12.
-5
Convert 22 (base 6) to base 2.
1110
What is -1 (base 11) in base 4?
-1
Convert 31 (base 14) to base 2.
101011
Convert -12 (base 6) to base 12.
-8
What is 2 (base 8) in base 9?
2
What is 74 (base 10) in base 2?
1001010
-3 (base 6) to base 9
-3
Convert -37 (base 14) to base 16.
-31
23 (base 11) to base 9
27
What is -4 (base 16) in base 15?
-4
Convert 3 (base 15) to base 16.
3
Convert 1000111 (base 2) to base 6.
155
2123 (base 4) to base 16
9b
What is 110111 (base 2) in base 7?
106
What is 103 (base 7) in base 14?
3a
-3 (base 16) to base 2
-11
What is -53 (base 8) in base 10?
-43
What is -11 (base 15) in base 11?
-15
0 (base 6) to base 11
0
1 (base 10) to base 7
1
Convert 2 (base 14) to base 6.
2
What is 2 (base 14) in base 15?
2
3 (base 14) to base 4
3
What is 2 (base 12) in base 8?
2
Convert -5 (base 6) to base 14.
-5
-2a (base 11) to base 10
-32
-10000 (base 2) to base 10
-16
Convert -10 (base 9) to base 11.
-9
What is -33 (base 4) in base 15?
-10
215 (base 10) to base 4
3113
What is -26 (base 10) in base 13?
-20
What is -37 (base 15) in base 10?
-52
What is 101 (base 2) in base 13?
5
Convert 0 (base 7) to base 5.
0
What is 10 (base 14) in base 11?
13
Convert 1 (base 10) to base 5.
1
What is -6 (base 14) in base 16?
-6
What is 105 (base 7) in base 16?
36
-9 (base 16) to base 4
-21
2221 (base 3) to base 9
87
Convert -12 (base 3) to base 11.
-5
1040 (base 5) to base 9
171
Convert -101 (base 4) to base 10.
-17
Convert -3 (base 5) to base 4.
-3
Convert 1111 (base 4) to base 7.
151
Convert -1110 (base 3) to base 5.
-124
1a1 (base 13) to base 5
2200
Convert 8 (base 9) 